+ 39. Is s(u) a composite number?
False
Let l(c) = -48*c + 65. Let u be l(3). Let z = 270 + u. Is z a composite number?
False
Suppose -3*g + 23668 = -7*a + 11*a, 2*a + 5*g = 11848. Let i = -3035 + a. Is i prime?
True
Is 6/21 + 2553650/280*4 composite?
True
Let t(c) = -6 + 9 - 225*c + 27 + 18. Let k be t(-17). Let d = -2747 + k. Is d a composite number?
True
Suppose 79 = -2*d + 25. Let p be 4 + 9/(d/246). Is p*88/(-12) + -1 prime?
True
Let k be 20*1 + 1*(-1 + -1). Suppose 0 = v + 3, -v - 45 = -5*b + k. Let z(x) = 3*x**2 + 5*x + 35. Is z(b) a composite number?
True
Suppose 25*u - 5 + 30 = 0. Is 19661 - (-4 + (-4)/u)/(-2) prime?
True
Let a(b) = 22458*b**2 + 101*b + 302. Is a(-3) a composite number?
False
Let v = 251 - 159. Suppose -90*i + v*i = 1184. Suppose -2*l + 3354 = d, -i = -3*l - d + 4441. Is l a prime number?
False
Let c = 44308 + -13787. Is c composite?
True
Let w(s) = 14*s - 111. Let c be w(8). Is (14 - c)*(-2631)/(-3) a prime number?
False
Is (-19477826)/506*99/(-9) prime?
True
Let i(l) = l**3 - 16*l**2 + 14*l + 19. Let h be i(15). Suppose h*c - 2465 = -u, 5*u - 5*c - 19367 = -6967. Is u prime?
True
Suppose 5*l + 3*s - 3 = 0, 3*l + 1 = s - 0. Suppose w + 340 + 85 = l. Let v = 89 - w. Is v prime?
False
Let d(q) = q**2 + 2*q - 10. Let y be 9 - ((-3 - -4) + 3). Suppose 5*t - 25 = 0, -4*t + 27 = -y*c - 58. Is d(c) prime?
False
Suppose 2*f + 8 = 0, -3*w + 4*w - 89 = 2*f. Is 10702/8 + w/(-108) composite?
True
Is 462011 - 2 - -5*(8 - 6) a prime number?
False
Let g(o) = -143*o**3 + 9*o**2 - 26*o - 145. Is g(-15) a prime number?
False
Let t = 707814 - 240397. Is t a prime number?
True
Let o = -153 + 648. Let j = o - -1394. Is j a composite number?
False
Suppose -22*s = -17*s - 343885 - 149430. Is s composite?
False
Let i = -8279576 - -11810777. Is i composite?
True
Let f be 16/6*(-40911)/(-26). Suppose g + f = 5*g. Is g a composite number?
False
Let f(x) = 2*x**3 - 6*x - 2. Let v be ((-9)/(-15) - 184/15)*-3. Suppose 0 = -6*r - 5 + v. Is f(r) prime?
False
Let g(c) = c**3 + 17*c**2 - 36*c - 49. Suppose 3*k - 29 = y, 3*y - 2*k + 0*k = -52. Is g(y) a composite number?
True
Let w be 17/34*(1/(-1) - -11). Suppose -y = 0, 3 - 96 = -3*k + w*y. Is k prime?
True
Suppose -14*x = -8*x - 30. Suppose -3*s + 3*f + 9 = 0, 4 = -x*s - 4*f + 19. Is (s - 1)*(-3777)/(-6) prime?
True
Suppose -5*z - 4*d + 13169 = 0, -3*z - 253*d + 257*d + 7863 = 0. Is z composite?
True
Let i = -361 + 405. Suppose 0 = -i*y + 200257 + 218931. Is y composite?
True
Let p be (-4 - 36/(-6))*11. Is (-4)/p + 0 + 572906/22 a prime number?
True
Let l(s) be the third derivative of 0 + 13*s**2 - 3/4*s**4 + 0*s + 13/6*s**3. Is l(-6) a composite number?
True
Suppose -4*h = -14*h - 280. Is -4*1/(-14) + (-7020)/h composite?
False
Let m(f) = 37*f**3 + 10*f**2 + 24*f - 199. Is m(8) composite?
False
Let k = 123 - 117. Suppose 2*z - k*z = 7412. Let j = -888 - z. Is j composite?
True
Suppose 0 = -3*s + 4*r + 2727 + 52542, 3*r = s - 18428. Is s a prime number?
False
Let d(y) = -15 + 98*y - 118*y - 19. Let t be d(-8). Is (-3)/(-9)*3 + t a prime number?
True
Suppose -2 = -3*b - d, b = d + 2*d - 6. Suppose b = 49*f - 54*f + 20. Suppose f*i = 11*i - 11795. Is i a prime number?
False
Suppose -10*k + 4*y + 20 = -8*k, -2*y = -3*k + 14. Let p be 5/(-20)*k*-6. Suppose -34 = -l - p. Is l a composite number?
False
Suppose 3*h = -61*g + 56*g + 436178, -h + 2*g = -145389. Is h prime?
True
Suppose m - 523308 - 594318 = -5*m. Is m a composite number?
False
Let g = -58508 + 103347. Is g a composite number?
False
Suppose -2*o - 24 + 14 = 0. Is o + (1350 - (-12)/(-6)) a prime number?
False
Suppose 3*q - 13 - 2 = 0. Let s be ((-20)/(-16) - 5)/(6/(-5120)). Suppose f + q*o + 0*o = s, -5*o - 6415 = -2*f. Is f prime?
False
Suppose -9*i = -7*i - 4, 0 = -m - 5*i + 27. Suppose h + 10777 = o, 0 = m*h - 22*h + 20. Is o a composite number?
False
Let r(d) = 6*d + 151. Let o be r(-22). Suppose -2*a = b - 707, -17*b = -3*a - o*b + 1059. Is a prime?
False
Let s be (-6)/(-4)*88/6*1. Suppose 30*w - 11784 = s*w. Is w a prime number?
False
Let r(s) = -2*s**3 - 64 + s**3 - 341*s + 308*s + 31*s**2. Is r(27) composite?
True
Let f be 6/(-4)*(4 + 12300/18). Let c(o) = -55*o**2 - 3*o - 8. Let w be c(-7). Let d = f - w. Is d composite?
True
Suppose -32 - 46 = -2*s. Suppose 3*l - s = v, 3*v + 3*l + 33 = -144. Let i = v + 239. Is i prime?
False
Is ((-2)/(-4))/((-4 + -2)/(-1761828)) composite?
False
Let y(x) = -76*x + 61*x**2 + 184*x - 100*x - 10. Is y(-11) a composite number?
False
Suppose -q + 4*q - 5*v = -31, -v - 12 = 2*q. Let h(j) = j - 14 - j**2 - 11*j**3 - 6*j**3 + 14*j**3. Is h(q) composite?
True
Suppose -180 = 3*k - 54. Let s = k - -43. Is (s - 0) + (-5 - -215) composite?
False
Suppose -546 + 189 = -q. Suppose 350*p - q*p + 61145 = 0. Is p a composite number?
True
Let a(u) = 22*u**2 + 7*u - 4. Is a(-55) a prime number?
True
Let k(v) = -v**3 + 6*v**2 - 2*v - 9. Let o be k(5). Let x(y) = -11*y**2 + 5*y - 9. Let q be x(o). Is 4 - 32/4 - q a prime number?
False
Suppose -i + 10 = -6*i. Let u be i/8 - (-9)/4. Is 0 - ((-374 - -1) + u) a composite number?
True
Let k = -747 - -2280. Suppose 0 = -14*f + 7*f + k. Let j = f - -2. Is j a prime number?
False
Let g(s) = 37*s + 188. Let o be g(-5). Suppose -o*b + v + 26512 = 2*b, -3*v + 9 = 0. Is b a prime number?
True
Suppose 60*u - 3*f = 57*u + 138918, 0 = -u - 3*f + 46294. Is u a prime number?
False
Let k(o) = 8*o**2 + 4*o. Let v be k(-1). Is (-19803)/14*-6 + v a composite number?
True
Let l(z) = -329*z + 41. Let t = -5 + -7. Is l(t) composite?
False
Is -3 - (0 - (-1793544)/(-12)) prime?
True
Let x(m) be the third derivative of 7*m**5/30 + 11*m**4/24 - 11*m**3/6 + 18*m**2. Let d = 2 - -4. Is x(d) a composite number?
True
Suppose -10*t - 8*c + 258898 = -11*c, -2*t + 51802 = 5*c. Is t prime?
False
Let l(p) = 2*p**3 + 12*p**2 + 3*p - 22. Let m be l(-4). Suppose -7*z = m*z - 173863. Is z composite?
True
Let h(s) be the second derivative of 79*s**5/15 + s**4/12 - s**3/6 + 13*s**2/2 - 27*s. Let w(q) be the first derivative of h(q). Is w(1) prime?
True
Suppose 3*v - 3*s - 8 = 10, 5*s = 25. Let b(h) = h**3 - 12*h**2 + 12*h - 17. Let l be b(v). Let f(t) = -360*t - 5. Is f(l) composite?
True
Let x be 1/(3/(-6)) - (5 - -5818). Let w = x - -8189. Is (-6)/2 + w/12 a composite number?
True
Let n be ((-2)/(-3))/((-1)/(-36)). Let m be (-2 + -1)/((-9)/n). Suppose 4711 = m*u - u. Is u a composite number?
False
Let z be 239/(-9) + 15/(945/(-28)). Is (110299/21)/((-9)/z) composite?
True
Let n = -7540 - -32297. Suppose 4*p - 62561 = -n. Is p composite?
True
Suppose 175589 = 72*r - 70*r + 5*g, -g - 175643 = -2*r. Is r a composite number?
True
Let g(i) = -13339*i**3 + 6*i**2 + 5*i - 7. Is g(-2) a prime number?
False
Let n(t) = 4*t - 7 - 8 + 9. Let b be n(2). Suppose b*z = -z + 477. Is z prime?
False
Let a = -1824969 - -3894016. Is a a composite number?
False
Suppose 84*n = 99*n - 1241355. Is n a prime number?
True
Suppose 2*h - 2*j = 564818, -4*h - 9*j + 1129626 = -8*j. Is h a composite number?
False
Let y be ((-6)/4)/((-21)/126). Is y*(-8)/(-288) - 6907/(-4) a composite number?
True
Let r(y) = 1805*y + 1188. Is r(2) a composite number?
True
Let t(f) be the third derivative of f**6/120 + 7*f**5/30 - 2*f**4/3 - 20*f**3/3 - 2*f**2 + 1. Is t(-11) prime?
True
Is (-4)/(-2)*(-1552812)/(-24) prime?
True
Let j = 266 - 132. Let b be (-13)/(66/j - (-2)/(-4)). Suppose -3*t + 2987 = 2*x, -2*t + 260 = -4*x - b. Is t a prime number?
True
Let g = 85670 - -729. Is g a prime number?
True
Let u = -8903 - -12849. Is u prime?
False
Let o(l) be the second derivative of -l**3/3 + 132*l**2 + 11*l. Let a be o(0). Let q = 118 + a. Is q prime?
False
Suppose -205752 = 82*f - 86*f + 5*v, 0 = 3*f - 2*v - 154321. Is f prime?
False
Let h = -52 - -52. Let q(m) = -m**2 + 2*m + 401. Let l be q(h). Suppose -8*u - 5*y + l = -5*u, -2*u - y + 258 = 0. Is u a prime number?
True
Suppose 3*p = 2*p - 2. Let v be (p/5)/(1/10). Is (0 - (-1055 + -4)) + v prime?
False
Suppose -4*m + 7*m = 0. Let d be 409*(m - 4/(-4)). Suppose -420 = -2*j + 2*l, -3*l - d = 5*j - 1419. Is j a prime number?
False
Suppose 27*n - 28*n + 5*s + 55 = 0, 2*n = 5*s + 125. Is n/(-105) + 2/6*237887 composite?
True
Let f(p) = 162*p**2 + 244*p - 87. Is f(19) prime?
True
Suppose -4*x = 3*t - 5, 5*t 